= 650 + 1085. Suppose 2*h - 998 = 1084. Suppose -3*w + 0*w = -3*n - h, 0 = 5*w + 2*n - a. Is w composite?
False
Let t(w) = 19*w**2 - 5*w - 15. Let m(q) = 38*q**2 - 9*q - 26. Let a(n) = 4*m(n) - 7*t(n). Let l = -7 + 1. Is a(l) a prime number?
True
Let f(h) = -2*h**2 + 23*h + 4. Let r be f(11). Suppose -4*z = -0*z - 2*l - 18, -3*l = r. Is z/3 + 5298/18 a composite number?
True
Let t = -191 - -191. Suppose t = -3*n - v + 2*v + 5276, -v + 1 = 0. Is n a composite number?
False
Let g(c) = c**2 + 2*c - 3. Let r be g(2). Suppose -59*j + 193 = -102. Suppose -j*l + 1069 = -4*q - 556, r*q + 633 = 2*l. Is l prime?
False
Is 5/2 - 113641719/(-366) a prime number?
False
Let n be (-4351)/(4/(1 - 9)). Let l(y) = -963*y**3 + y**2 + y + 2. Let g be l(-2). Suppose 0 = -10*p + g + n. Is p a prime number?
False
Let h(a) = 38*a**2 - a + 60. Let u be h(10). Is u - (4 - 5) - 2 composite?
True
Let p = 488678 + -232839. Is p a prime number?
True
Let r = 331457 - -272166. Is r a prime number?
True
Let a(g) = 5*g**3 - 4*g**2 - 64*g - 81. Is a(8) a composite number?
True
Let v(f) = -8992*f + 509. Is v(-24) a prime number?
True
Let b be (-59788)/(-4) + 3 - 3. Let y = 21348 - b. Is y a composite number?
True
Let q = -112 - -115. Suppose -q*k + 45754 = -0*i + i, 5*k - 76270 = i. Is k a prime number?
False
Let w = -932428 + 1562495. Is w prime?
True
Let o(t) = -2*t + 30. Suppose 7*c - 5*y = 5*c + 15, 0 = 2*y - 6. Let z be o(c). Is -7*(4/16 + z)*-596 a composite number?
True
Suppose -3*v + 39444 = 5*t, 0 = -2*v - 68*t + 70*t + 26312. Is v prime?
False
Suppose 36180725 = -319*k + 88718903 + 70427071. Is k a prime number?
True
Let v be 164846/30 + 6/45. Let i = v - 904. Is i a prime number?
True
Let l(v) be the second derivative of v**4/12 - v**3/2 - 31*v**2/2 - 17*v. Let o be l(8). Suppose o*d - 1517 = 1390. Is d composite?
True
Suppose 4*h - 3*f = -1 - 2, 0 = -f + 1. Suppose -22*q + 17*q - 15 = h. Is 1299/(q + 8/2) prime?
False
Let s(i) = -i**2 - 7*i + 29. Let o be s(-9). Suppose o*h - 25208 = 44081. Is h composite?
False
Suppose -12644 - 1216 = -37*s - 26*s. Suppose -6*n = -5*n - 1010. Suppose -n - s = -6*g. Is g a composite number?
True
Suppose -h - 35 = -6*h + 2*r, -h + 4*r = -7. Suppose 4*o = -4*j, -j = 4*o + h - 1. Suppose -q + 4319 = -j*u + 4*u, -u = -3*q - 2156. Is u prime?
False
Let p = -92 + 50. Let c = 45 + p. Suppose -5*d + 909 = c*u - 2*d, 0 = -4*u + 4*d + 1172. Is u prime?
False
Is (-6)/(-14) + ((-2844245)/(-35))/(2/8) a prime number?
False
Is (-11)/(-15 - -37) + (2397225/(-6))/(-5) a prime number?
True
Let g = 401 - -1020. Let z = g + -634. Is z prime?
True
Suppose 15 = 3*l - 3*v, v - 8 = 5*v. Is ((-541)/l)/(5 - (-304)/(-60)) a prime number?
False
Suppose -5*f - 77 = -3*g + 7, f - g + 16 = 0. Let h be (-835)/3 + f/(-54). Let m = h + 1155. Is m composite?
False
Let y(t) = 11*t**3 + 45*t**2 - 69*t - 514. Is y(25) a prime number?
False
Is 115120/420*579 - (2 + (-26)/14) a composite number?
True
Let q be -3*(-24)/(-6)*26. Let w = q - -961. Is w prime?
False
Suppose 4*n + 252 = 2468. Let w be (4 + -3)*1*n. Let t = w - 57. Is t a composite number?
True
Let q = -2624 + 3617. Is q a composite number?
True
Let z(j) = 8*j - 59. Let m be z(7). Is -4*1318/8*m composite?
True
Let v(k) = -1. Let a(x) = 2*x**2 - 41*x + 20. Let i(o) = a(o) - 5*v(o). Is i(21) a composite number?
True
Suppose -16*b - 21 = -197. Suppose b*h = 75676 - 14109. Is h composite?
True
Suppose 4 = -7*v + 102. Suppose -7*h + 707792 = 9*h. Suppose -v*o = -h - 29361. Is o composite?
True
Suppose -w - 3*w - 3*g = -11823, 2*g = -3*w + 8868. Let r = 5291 - w. Is r prime?
True
Suppose -4*z + 103466 + 189522 = -590000. Is z prime?
True
Let i(t) = 468*t - 53*t - 7 + 117 - 8. Is i(13) composite?
True
Let w(p) = 26*p**2 - 21*p + 3368. Is w(75) composite?
True
Let u be (-65)/(-4) + (-3)/(-4). Suppose -u*q + 6306 = -15403. Is q composite?
False
Suppose 3*x - 3541 = -5*g + 6039, x = g - 1908. Suppose g = 5*d - 1022. Is d a prime number?
True
Let x = 172427 + 683616. Is x a composite number?
False
Let b = 246822 - 62161. Is b a composite number?
True
Suppose 3*p - 56 - 64 = 0. Is 0/(-1) - (p + -4293) prime?
True
Suppose 0*n + 5*g = 5*n, -4*n + g + 6 = 0. Suppose -w + 3*r = -2565 + 742, -n*w = -2*r - 3662. Suppose -t - 2*k + 987 = 0, w + 143 = 2*t + 2*k. Is t prime?
True
Suppose -2*a + 2*p + 3852 = 0, 2*a - 4*p + 9*p - 3845 = 0. Let u = a - -170. Is u composite?
True
Suppose m + q = -1542, -4*q + 7*q = 4*m + 6168. Let u = m - -3445. Is u a prime number?
False
Let d be ((-28114)/6)/((-38)/570). Is 50/175 - d/(-7) composite?
True
Suppose -54*u + 57*u + 108*u = 553557. Is u a prime number?
True
Suppose 3*w + 11 = -2*l - 9, 3*l = -w - 44. Let c be ((-408)/10)/(l/560). Is c/16 + 1/(-4) a composite number?
False
Suppose 23686689 + 9163709 = 163*f - 54117111. Is f prime?
True
Let o(c) = -1986*c - 7985. Is o(-11) a prime number?
False
Let i = 9907 + -14345. Let g = i + 1515. Let a = g - -5502. Is a composite?
False
Suppose 0 = 31*t + 126*t - 190840565. Is t a prime number?
False
Let d = 79511 + -51841. Suppose -d = -5*w - v, 3*w + 2*v - 10972 = 5637. Is w composite?
True
Let m = 11 + -8. Suppose 3*k = -o + 4, 30 = 6*k - k - m*o. Suppose 10*w - k*w - 6349 = 0. Is w a composite number?
False
Suppose -28 = -4*g + 4*d, -d - 21 = -4*g + 4. Let k(u) = g + 6 - 7*u + 21*u**2 - 13. Is k(-2) a composite number?
False
Suppose 4*a - 5*l - 22 = 0, 0 = -4*a - 3*l + 7*l + 24. Suppose a*r - 4 = 4*r. Let z = 406 + r. Is z composite?
True
Let x = 60 + -15. Suppose x*f = 47*f - 4618. Is f composite?
False
Let g be ((-64)/(-24))/(-8)*11871. Is g/(8 + -5)*-11 a prime number?
False
Let t(i) = -4*i - i - 1 + 12*i**2 - 17*i**2 - i**3. Let p be t(-4). Suppose p*w + 1233 = z, 0*w = 5*z - 4*w - 6143. Is z composite?
True
Let a be (1*4/(-12))/((-1)/(-3)). Is ((-261)/(-6))/a*1258/(-51) prime?
False
Let k = -48819 + 75850. Is k composite?
False
Let f(j) = 3*j**2 + 26*j + 29. Let n be f(-16). Let b(v) = 6*v + 71. Let l be b(-10). Suppose -8*y + l*y = n. Is y a composite number?
False
Let i(w) = -w**3 + 9*w**2 + 23*w + 11. Let j be i(11). Let s = -19 + j. Suppose l + 215 = n, -2*l = s*l + 20. Is n a prime number?
True
Let h(v) = -589*v + 886. Is h(-27) prime?
False
Suppose 3*v + 15 = 0, 2*f + 5 = -4*v - 1. Suppose -245 = -p + 2*s, -p = 4*s - f*s - 250. Is p a prime number?
False
Suppose -11546 = -3*f + 64423. Let y = f + -13580. Is y composite?
False
Let i(z) = 5 - 42*z + 12 - 54*z + 2*z. Let x be i(-4). Suppose 2*s - n = x, 0*n - 5*n + 821 = 4*s. Is s a composite number?
False
Let o(a) be the second derivative of -1/6*a**4 - 52*a + 0*a**2 + 0 + 29/4*a**5 + 2/3*a**3. Is o(3) a composite number?
True
Suppose 0 = -4*v + 5*k + 73 - 20, -5*v - k + 30 = 0. Suppose v*p = 9733 - 1886. Suppose 0 = s + 4*y - 903, p = 3*s - 4*y - 1620. Is s a composite number?
False
Let r(k) = -k**2 - 19*k - 78. Let c be r(-11). Suppose 0 = -c*t + 12*t - 1246. Is t a prime number?
False
Suppose -1001*t = -1008*t + 305011. Is t a composite number?
False
Let z(m) = m + 28. Let d be z(19). Suppose d*l - 50*l = -21837. Is l prime?
False
Suppose -4*f - 18961 = -4*a - 142417, -3*f - 2*a + 92607 = 0. Suppose -18*l = -f - 30351. Is l prime?
False
Let w be (-12)/6 + (-13)/(-1). Let c(s) = -9*s + 6*s**2 + 5*s**2 - 5*s - 14 - 4*s**2. Is c(w) composite?
True
Let z(u) = u. Let w be z(7). Let v be w*48 + -1 + 4/1. Let p = v - -32. Is p a composite number?
True
Let q be (42/(-7))/(-1 + -2). Suppose 0 = -2*h + 10, q*i + 2*i - h - 94047 = 0. Is i composite?
True
Suppose -129623 = 40*n - 2962183. Is n composite?
True
Let i = 142 + -139. Suppose -9*l + 14*l = -3*y + 8766, -y + 2918 = i*l. Is y prime?
True
Let t(a) = 11*a + 16*a - 28*a. Let c be t(-7). Let o(h) = 6*h + 5. Is o(c) a composite number?
False
Suppose -3*v = 3*v - 0*v. Suppose 20*z - 60541 - 420759 = v. Is z composite?
True
Let c(x) = -2*x + 2. Let r be c(0). Suppose -5*q + r*q + 3134 = 5*d, -3*q + 4*d = -3125. Is q composite?
True
Suppose 3*u - 11*u = -16. Suppose 0 = -u*m + 7 - 31. Is (1 - 5959/(-2))*(-8)/m a composite number?
False
Suppose 3*z + 19 = -2*d + 39, 2*d = 8. Suppose -164591 = -3*h - 5*r, -15122 = -h - z*r + 39751. Is h prime?
False
Let q(y) = 54972*y**2 + 23*y - 3. Is q(-2) composite?
False
Let v be (153/12 - 18/24)/1. Suppose